d(l) be the second derivative of l**5/20 + 2*l**4/3 + 2*l**3/3 - 29*l**2/2 + 10*l - 35. Calculate d(-7).
-8
Let j be 1317/9 + (-32)/(-48). Suppose j*x + 84 = 161*x. Let b(w) = -6*w**2 + 0*w**2 - 2 + w**3 - 2 + w. Give b(x).
2
Suppose -3*b - 508938 = -3*r, -3*r = -5*b - 584909 + 75965. Let l(u) = r*u**3 + u**2 - 1 - 169647*u**3 + 2*u - 2*u**2. Calculate l(1).
-4
Let i(t) = 4*t - 9. Let s(j) = 2*j - 5. Let k(h) = -6*i(h) + 11*s(h). Let d = 0 + -1. Let o be (d/(-2))/((-5)/30). What is k(o)?
5
Let p(m) = -28*m - 49. Let j be p(-2). Let i(h) be the third derivative of h**6/120 - h**5/10 - 7*h**4/24 - h**3 + 274*h**2. Calculate i(j).
-6
Let f be (2/2)/(9 + 1248/(-138)). Let p(g) = -g**2 - 23*g - 13. Calculate p(f).
-13
Let h(v) be the first derivative of v**4/4 - 16*v**3/3 + 5*v - 1734. What is h(16)?
5
Suppose -6*l + 15*l = 0. Suppose 2*g + 57 = -l*u + 5*u, 4*u - 3*g = 47. Let t(c) = 392*c - 393*c + u - 1. What is t(7)?
3
Let p(x) be the second derivative of -x**5/20 - x**4/4 + x**3/2 + x**2/2 - 3*x + 59. Calculate p(-4).
5
Let r be 38/5 + -8 + (-47)/(-5). Suppose 7*l - 26 = r*l. Let f(x) = -x**2 - 14*x - 6. What is f(l)?
7
Suppose 2*i + 28 = 188. Suppose i = -9*c - c. Let o(w) = -w - 3. Give o(c).
5
Let s(c) = 7*c - 56. Let a(l) = l**2 + 16*l + 61. Let v be a(-5). Give s(v).
-14
Let i(m) = -m**2 - 3. Suppose -4*q - 5*z = -42, 5*z + 4 = 2*q - 2. Let c be 6/(-8)*(-3)/((-6)/q). Calculate i(c).
-12
Let y(k) = -3*k + 107. Let g = 20561 + -20525. Give y(g).
-1
Let d(c) = -114*c + 114. Let o be d(1). Suppose 0 = -5*s + 6 + 4. Let v(g) = 4*g**3 - g**2 - 3*g**3 + 0*g**3 - s*g**3 + 3. What is v(o)?
3
Let s(u) = 12*u - 526. Let l be s(44). Let y(h) = -22*h + 8. Calculate y(l).
-36
Let m be (-10)/((-2600)/(-767)) - (-9 - -6). Let p(t) be the second derivative of t**2 + 0 + 1/2*t**3 - m*t**5 + 1/12*t**4 - 30*t. What is p(-2)?
8
Let z(k) = k**3 + k**2 - 2*k - 1. Let l(a) = -2*a**3 - 30*a**2 - a - 13. Let d(s) = -3*s - 75. Let n be d(-20). Let w be l(n). Determine z(w).
7
Let p(t) = 9*t**2 + 4*t + 15. Let v(h) = -5*h**2 + 3*h. Let b(s) = -p(s) - 2*v(s). Give b(9).
-24
Let x(o) = o**3 - o**2 - o. Let b = -126 - -125. Let y be (14/(-4) - -4)/(b/2). What is x(y)?
-1
Let l = 182 - 182. Let a(t) = l*t - t + 1655 - 1665. Give a(-11).
1
Let d(t) = 5*t - 2. Suppose a + 3*f = -f - 8, -2 = 3*a + f. Let c(n) = -n**2 - 9*n - 18. Let m be c(-9). Let z be m/8 - (a + 3/(-12)). What is d(z)?
-12
Let s(d) = -d**2 - 2. Let z be ((-6)/(-2))/6 + 2/(-4). Suppose 2*o + 4*m + 8 = z, o - 3*m = -2*o + 6. Let u be o*(3/9 - 0). What is s(u)?
-2
Suppose 23*q = 8*q + 975. Suppose 111*a = q*a + 184. Let c(l) be the third derivative of -l**4/6 + l**3/3 - l**2. Determine c(a).
-14
Let c(x) = x - 36. Suppose 10*b - 5*b + 3*q = 57, b - q = 13. Calculate c(b).
-24
Let i = 358 + -264. Let n = 542 + -356. Let u(w) = n + w - 80 - i. Determine u(-9).
3
Suppose -3*b - 3*l + 21 = 0, 2*b - l - 4 - 7 = 0. Let h(z) = -b*z**2 + 4487*z - 7 - 4495*z + 5*z**2. Give h(-5).
8
Let p(y) be the first derivative of -y**2/2 + 46*y - 171. What is p(40)?
6
Suppose 26*x - 31*x + 28 = o, 2*x = 2*o + 4. Let c(f) = 26*f**2 - o - 55*f**2 + 5*f + 30*f**2. Give c(-5).
-3
Let m(w) be the second derivative of w**5/20 + 4*w**4/3 - 11*w**3/3 + 19*w**2/2 - 8*w - 63. What is m(-17)?
104
Let b be ((-40)/16)/((-7)/2 - -4). Let z(w) be the third derivative of w**5/60 + 5*w**4/24 - w**3/2 - 2*w**2. What is z(b)?
-3
Let c(p) be the third derivative of -p**6/120 - p**5/2 - 19*p**4/8 - 23*p**3/6 - 5*p**2 + 2*p - 144. Give c(-28).
5
Let m(v) = -7*v**3 - 12*v**2 + 3*v**2 - 4*v - v**2. Let s = -64 - -70. Let w(k) = 13*k**3 + 19*k**2 + 7*k. Let a(g) = s*w(g) + 11*m(g). Give a(-5).
-15
Let h(b) be the second derivative of 3 + 7*b - 3/2*b**2 - 7/6*b**3. Determine h(3).
-24
Suppose -16*j - 35 = -4 + 1. Let c(p) = 10*p + 5. Calculate c(j).
-15
Let u(d) = -4980*d + 12 + 14935*d - 4980*d - 4 - 4976*d. Suppose 0 = -m + 4*m - 48. What is u(m)?
-8
Suppose 0 = -5*s + f + 48, -4*s + 2 = -3*f - 43. Suppose 11*l = -9 + 53. Let z(p) = 6 + p**3 + 2 + l*p**2 - p - 3*p**2 - 10*p**2. Determine z(s).
-1
Let n(i) be the first derivative of 4*i**2 + 12*i + 23. Calculate n(-1).
4
Let x = 7 + -5. Suppose -x*w + 0*w = 12. Let l(h) = -886*h**2 + 885*h**2 - h - 3*h - 1 - 4*h - 5. Determine l(w).
6
Let x be (-3)/6 - 28/8. Let s(l) = -9*l - 1. Let d(g) = 5*g + 1. Let p(n) = x*s(n) - 7*d(n). Let o be -3 + -7*(1 + (-6 - -4)). What is p(o)?
1
Let b(a) = a + 12. Let m = -4 - -4. Suppose m*z - 15 = -5*z. Suppose -4*t - z*t = -5*t. What is b(t)?
12
Let u = 43 + -39. Suppose -l = -j, -1 = -u*l + 3*j - 0. Let f(y) = -1 + 2*y + y - l - 5*y. What is f(2)?
-6
Let c be -11 + 19 + (-2 - 2). Suppose -k = -5*d - 14, c*k - 5*d - 6 = -10*d. Let f(t) be the first derivative of -t**4/4 + t**3 + t**2/2 - 3*t + 1. Give f(k).
-15
Let o(r) = -r**3 - 6*r**2 + r + 2. Let n(k) = 90 - 68 - k**3 + 15*k + 0*k**2 + 6*k**2. Let t be n(8). Let h be t/(-7) + (-3 - 1). Determine o(h).
-4
Suppose -122 = 7*w - 157. Suppose -45 + 0 = w*k. Let a(z) = z**2 + 8*z + 7. What is a(k)?
16
Suppose 3392*t = 1802*t + 12720. Let r(q) be the first derivative of q**3/3 - 3*q**2 - 19*q + 2. Determine r(t).
-3
Let o(c) be the second derivative of -c**5/20 - c**4 + 11*c**3/6 - 9*c**2 + 288*c. Let n = 204 + -217. What is o(n)?
8
Let y be (-5)/(-10 - 19/(-2)). Let q(v) = v**2 - 14*v + 23. Calculate q(y).
-17
Let q(t) = -2*t**2 + 2*t. Let o(p) = 9*p**2 - 2*p - 1. Let d(x) = o(x) + 4*q(x). Suppose 0 = b + 2, -5*k = -b + 13. Give d(k).
-10
Let b be 0 + (-14 - 3) - -4. Let l = -8 - b. Let s(o) be the first derivative of -o**3/3 + 3*o**2 - 7*o + 9. Determine s(l).
-2
Let y(n) = -n**3 + 85 - 2*n**3 - 13*n**2 + 2*n**3 + 94*n**2 - 45*n**2 + 158*n. Calculate y(40).
5
Let z(j) = -5*j**2 + j. Let n be z(-1). Let k be -1 - (98/21 + -5)*9. Let t(r) = 17 + 19 + 3 + r**k - 37 + 4*r. What is t(n)?
14
Let m(f) = 2*f - 5*f - f**3 + 723*f**2 - 714*f**2 + 6. Calculate m(9).
-21
Let g(o) = -6*o - 15. Let u(q) = -9*q - 23. Let j(a) = -11*g(a) + 7*u(a). Calculate j(-1).
1
Let x(g) be the second derivative of -g**3/3 - 15*g**2/2 + 486*g + 1. Give x(-14).
13
Let i(c) = 98*c + 21. Let n(s) = 19*s + 1. Let w(p) = -i(p) + 5*n(p). Give w(5).
-31
Let b(u) be the third derivative of u**5/60 + 11*u**4/12 + 13*u**3/6 + 10*u**2 - u + 6. Determine b(-23).
36
Let l be (112 + -119)*2/(-7). Let q(s) be the first derivative of -3*s**l + 2 + 1/3*s**3 + s. Determine q(6).
1
Suppose -4*z = -0*z - 24. Let h(n) = -5*n**2 + 31*n - 36. Let c = -23 + 25. Let b(m) = -m**2 + 6*m - 7. Let l(w) = c*h(w) - 11*b(w). Calculate l(z).
17
Let r = -139 - -139. Suppose -4*k + 4*w - 8 = r, -8 - 14 = 3*k + w. Let o(c) = c**3 + 5*c**2 - 3*c - 3. Calculate o(k).
-21
Let m(s) = 8*s + 30. Suppose 5*z = 5*j - 30, 2 = -5*z + j - 28. What is m(z)?
-18
Let c(l) = -l**3 + 3*l**2 + 2*l - 8. Let p(u) = 2. Let k(i) = -c(i) - 3*p(i). Let r(j) = 6*j + 46. Let z be r(-7). Determine k(z).
10
Suppose -2*z + 34 = 3*b - 61, 2*b + 4*z = 66. Suppose -b*k + 14 = -33*k. Let h(p) = 321*p + p**2 - 155*p - 158*p + 9. What is h(k)?
2
Let c(r) = r**2 + 7*r + 3. Let f(z) = z + 1. Let u = 2 - 1. Suppose -463*j + 460*j = -4*i - 31, -24 = i - 4*j. Let t(y) = i*f(y) + u*c(y). Calculate t(-4).
3
Let q(x) be the first derivative of -x**4/2 - 22*x**3/3 + 3*x**2/2 + 9*x + 1712. Give q(-11).
-24
Suppose 0 = -2*v + 5 + 13. Let h(l) be the first derivative of -l**4/4 + 3*l**3 - l**2/2 - 10*l - 368. Calculate h(v).
-19
Let w(z) = 8*z + 59. Suppose 0 = 40*o + 4708 - 4268. What is w(o)?
-29
Let j(a) be the third derivative of -11*a**4/12 - a**3/6 - 176*a**2. Give j(1).
-23
Let t = 473 + -476. Let h(l) = -10*l**2 - 27*l + 6. Give h(t).
-3
Let o be ((-25)/(-10) + -1)*-2. Let j = -7 + 9. Let h(u) = -4 + 5*u + 7 - u**2 + 2*u**j + u. What is h(o)?
-6
Let c(v) = -v - 320 + 8*v - 189 + 534. What is c(-6)?
-17
Let w(i) = -2*i - 8. Suppose 4*u - 118 = -86. Suppose 0 = -5*c - 3*t - 40, -c - 2*t - t = u. Calculate w(c).
8
Let n(c) = -15*c**2 + 33*c - 47. Let t(u) = -u**2 + u + 1. Let r(j) = n(j) - 14*t(j). Determine r(16).
-13
Let q(y) = -y**2 + 2. Suppose -127*g = -124*g - 3. Let h(a) = -5*a**2 + 30. Let t(k) = g*h(k) - 6*q(k). Give t(0).
18
Let b(j) = j**2 - j. Let o = -86 - -88. Let y be o/(-12)*-32 + (-7)/21. Give b(y).
20
Let